actor of g and f.
38
Let a be (1079/332)/(((-5)/72)/(-5)). What is the greatest common divisor of 2418 and a?
78
Suppose 4*v - 418 = 2*p, 5*v = 5*p + 7*v + 1021. Let n = -185 - p. What is the highest common divisor of 40 and n?
20
Suppose 5 + 5 = 2*h. Suppose 0 = -l - 3*s + 4*s + 24 + 185, -2*s = 0. Suppose -h*m - l = -1109. What is the greatest common divisor of 20 and m?
20
Let h = 34050 - 33896. Let z(s) = -87*s + 2. Let v be z(-2). Calculate the greatest common factor of v and h.
22
Let r be 15/(-10) - (0 + (-13)/2). Let n = 9 + -3. Suppose -6 = r*z - n*z. Calculate the greatest common factor of 30 and z.
6
Let m = 38745 - 35513. Calculate the greatest common factor of 608 and m.
32
Let z be (6/(-15) - 0) + 81738/45. What is the highest common factor of 8 and z?
8
Suppose 8*w + 11878 - 12582 = 0. What is the highest common divisor of w and 152?
8
Suppose 0 = 4*m + 3225*u - 3227*u - 780, 3*u + 6 = 0. What is the highest common divisor of m and 8633?
97
Suppose -16*v + 3106 = 1154. Let x = 154 - v. What is the greatest common divisor of x and 320?
32
Suppose -4*a + 3*w + 476 = 359, 5*a - 2*w - 141 = 0. Let n(u) = 63*u**2 + 9*u. Let s be n(-4). What is the highest common divisor of a and s?
27
Suppose 4*m + 383 = 3*h + 699, -5*m = -h - 406. What is the highest common divisor of m and 4141?
41
Suppose -125*r + 491360 = 17*r + 24*r. Calculate the greatest common factor of 160 and r.
80
Suppose 94*r - 129*r = -840. Let y(j) = -j**2 + 6*j - 2. Let a be y(4). What is the greatest common factor of r and a?
6
Suppose -34*a + 32 = -26*a. Let t(g) = 4*g**2 + 6*g + 2. Let n be t(a). Let f(q) = 9*q - 42. Let v be f(8). Calculate the highest common factor of v and n.
30
Suppose -2*p + 9*p = 9*p - 5586. What is the highest common factor of 98 and p?
49
Let c = 339 - 84. Let p = c - 233. What is the highest common divisor of 209 and p?
11
Let n(l) = l**3 + 2*l**2 + l. Let z be n(-2). Let h be (6 + 2)/(((-2)/z)/253). Suppose q - h = -7*q. Calculate the greatest common factor of q and 23.
23
Let i(u) = -11197*u**3 - 10*u**2 - 11*u + 2. Let z be i(-1). What is the greatest common divisor of z and 8?
8
Let o be (132 + 2)*((-4)/(-7) - 60/(-140)). Suppose -4*l + 9 = 1. What is the highest common divisor of o and l?
2
Suppose 293 - 899 = 80*y - 82*y. What is the greatest common factor of y and 6565?
101
Suppose -5*n + 4125 = q, 0 = 2*n - 5*q + 749 - 2399. What is the highest common divisor of n and 132?
33
Let n(z) = 361*z**2 - 137*z + 30. Let t be n(3). Calculate the highest common factor of t and 24.
12
Let a(y) = 16*y + 89. Let x be a(-11). Let j = -21 - x. What is the greatest common factor of j and 143?
11
Let n(j) = 9*j - 24. Let b be n(4). Suppose 383 = -23*o - 12*o + 4373. What is the greatest common factor of o and b?
6
Let q(d) = d**3 - 2*d**2 + 5*d - 28. Let u be q(7). Suppose -14*k = -13*k - u. Suppose 7*b = 4*b + 126. What is the greatest common factor of b and k?
42
Suppose 0 = 14*o + 6*o + 20. Let z(l) = -326*l + 14. Let h be z(o). What is the highest common divisor of h and 204?
68
Let j(k) = -k**2 - 14*k + 151. Let v be j(7). Suppose -s + 8 = -o, v*o - 10 + 30 = 3*s. Calculate the greatest common divisor of s and 48.
12
Let c = 4 - 2. Let b be c + -1 - (-1 + -163). Suppose 5*a = 27*d - 30*d + 51, 4*d = 5*a - 107. Calculate the highest common factor of a and b.
15
Let j be 21/(-5) + ((-19)/5 - -4). Let h be j/3*(4 + -16) - 1. What is the highest common factor of 12 and h?
3
Let j(q) = -q**3 - 7*q**2 + 6*q - 14. Let u be j(-8). Suppose u*r - 5*r + 33 = 0. What is the highest common divisor of r and 1?
1
Let x(y) = -6*y + 408. Let a = 25 - -25. Let p be x(a). Calculate the greatest common divisor of p and 432.
108
Let v(g) = 2*g - 5. Let n be v(4). Suppose n*r + 0 = -3. Let k = r - -67. What is the greatest common factor of 6 and k?
6
Suppose -5*i = -7*i - f + 15, -4*i + 5*f + 9 = 0. Suppose 2*d = -2*d + 8. Calculate the highest common divisor of d and i.
2
Let l = 90 + -86. Suppose 5*z + 5*q - 225 = 0, 213 = z + l*z + 2*q. Let h = 115 + -33. Calculate the highest common factor of z and h.
41
Let k(w) = w + 10. Let a be k(-7). Suppose u + 0*j = -5*j + 204, -544 = -a*u + 2*j. Let l = 27162 - 27139. What is the greatest common divisor of u and l?
23
Let z(x) = -1473*x + 1682. Let f be z(-5). What is the highest common divisor of 109 and f?
109
Let w = -194 - -198. Let l be -2 - (-4)/2 - -24. Let r be (-4)/l*-4*3. Calculate the highest common factor of r and w.
2
Let m = -1 + 102. Let z = m - 84. Let l be (69 + -1)*4/8. What is the greatest common factor of z and l?
17
Let k(m) = 73*m + 5. Let b be k(4). Let f = -772 + 748. Let n be (6/f)/((-5)/270)*2. Calculate the highest common divisor of n and b.
27
Suppose -2*j + 28 = 2*x, -51 = -4*x + 39*j - 38*j. What is the highest common factor of x and 9841?
13
Let b be (-34 - (-1410)/35)*(-7)/(-2). What is the greatest common divisor of 26906 and b?
22
Let g = -2145 - -2680. Calculate the highest common divisor of 25 and g.
5
Let o(d) = -1543*d - 66. Let r be o(-2). What is the highest common divisor of 20 and r?
20
Let o = -83 - -131. Let y(f) = 2*f**2 + 52*f + 72. Let a be y(-26). What is the highest common divisor of a and o?
24
Suppose -4*h + 5*h = -2*z - 20, -52 = 4*z + 5*h. Let c be (z - -9)/((-3)/(-261)). What is the greatest common factor of c and 58?
29
Let p(q) = -q**2 + 158*q - 5253. Let h be p(109). Calculate the highest common divisor of 35200 and h.
88
Suppose 38*w - 6445 - 17495 = 0. Calculate the highest common factor of w and 54.
18
Let s = -14277 - -14736. Calculate the greatest common divisor of s and 425.
17
Suppose 0 = -85*j - 288 + 10573. What is the highest common divisor of j and 19?
1
Let r(b) = 166*b**2 - 12*b + 6. Let m be r(-1). Calculate the highest common divisor of 460 and m.
92
Let u be 4 - (3/(-15) - 19/((-380)/(-1436))). What is the highest common factor of u and 12?
4
Let i(v) = -555*v - 3461. Let t be i(-7). Calculate the highest common divisor of 1325 and t.
53
Suppose 0 = 59*b + 221107 - 602306. Calculate the highest common factor of 7 and b.
7
Suppose 4 - 32 = 2*l. Let q be 17 - 7/(l/6). Suppose 0*b + 2*b = 120. Calculate the greatest common divisor of q and b.
20
Suppose -77*n = -144745 - 47447. What is the highest common factor of 960 and n?
192
Suppose 72*y - 42 = -f + 68*y, -61 = -3*f + y. What is the greatest common factor of f and 891?
11
Suppose -8*j + 231 = -289. Let s be ((-3 - -2)*-13)/1. What is the greatest common divisor of j and s?
13
Suppose 16*z = 20*z - 216. Suppose n + 4*i = 119, 6*n - 123 = 5*n - 3*i. What is the highest common factor of z and n?
27
Let x be (-16 - 224/42)*-24. Calculate the greatest common factor of x and 8.
8
Let o be ((-1540)/(-100) - 16) + (-303)/(-5). What is the greatest common divisor of o and 2325?
15
Let r(o) = -o**2 - 4*o + 7. Let v be r(-5). Let h = -17336 + 17346. Calculate the highest common divisor of h and v.
2
Let l = 17615 + -17553. Let q(v) = 17*v**2 + 2*v - 4. Let f be q(3). What is the highest common factor of f and l?
31
Let y(o) = 6*o - 23. Let s be y(4). Let h be 4/s - (-6 + 5). Suppose 4*l + 2*n = 314, h*n = -3*l - 1 + 226. What is the greatest common factor of l and 16?
16
Let l be (-18)/(-4)*(-420)/(-18). Suppose -2*q = -3*w - 5*q + l, 3*w + 2*q - 100 = 0. Calculate the greatest common factor of 75 and w.
15
Suppose -8*k - 5412 = -12*k. Suppose 15*a - k = 4*a. Let p = a - 84. Calculate the highest common divisor of p and 3.
3
Suppose 4*j - 51 = 5. Let m = -1830 + 1303. Let o = m + 583. What is the highest common divisor of o and j?
14
Let t be (-4)/10*(90/(-6) + 5). Let n be (-2)/4*(10 - t) + 0. Let y be n/(-1) + (1 - -104). Calculate the greatest common divisor of 12 and y.
12
Suppose 7095 = 5*x + 3*b, -x + 4223 = 2*x - 5*b. Calculate the greatest common divisor of x and 12.
12
Suppose 11*d - 3*d = 40. Suppose a - 198 = -d*a. What is the greatest common divisor of 22 and a?
11
Let m = -13 - -7. Let w be ((-3)/m)/((-3)/(-348)). Suppose 73*u - 435 = 68*u. Calculate the highest common factor of w and u.
29
Let i(v) = v**3 - 2*v**2 - 2*v + 3. Let r be i(-3). Let g be r/(-8)*(-20)/(-3). Suppose 282 = 169*k - 122*k. What is the greatest common divisor of g and k?
6
Let l = 96 + -89. Let o be ((-12)/60)/((-12)